ulate the highest common divisor of 10203864 and 84.
12
What is the greatest common factor of 224589 and 16684?
43
What is the greatest common divisor of 18 and 137574072?
18
Calculate the greatest common factor of 146759797 and 496.
31
Calculate the greatest common factor of 1302 and 6915790.
434
What is the greatest common factor of 103880491 and 429?
143
What is the highest common divisor of 45088 and 256?
32
What is the greatest common factor of 84669728 and 572?
572
What is the highest common divisor of 3124626 and 171?
57
Calculate the highest common factor of 23328 and 54528.
96
Calculate the greatest common divisor of 3693 and 13835209.
1231
What is the greatest common divisor of 34000 and 3200000?
2000
Calculate the highest common factor of 44013 and 14985132.
2589
Calculate the greatest common divisor of 12342 and 60934269.
363
What is the greatest common divisor of 7069668 and 8?
4
Calculate the greatest common divisor of 38824 and 31464.
184
Calculate the greatest common divisor of 3176095 and 11790.
655
Calculate the highest common factor of 859840 and 118400.
320
Calculate the highest common divisor of 3186412 and 282.
94
What is the highest common factor of 17786344 and 3256?
296
Calculate the highest common divisor of 2 and 75041.
1
Calculate the highest common divisor of 416 and 988647816.
104
Calculate the highest common divisor of 1902 and 519133782.
1902
Calculate the highest common factor of 111245 and 264646.
1171
Calculate the greatest common divisor of 15 and 10193310.
15
Calculate the highest common factor of 5 and 436912520.
5
Calculate the greatest common divisor of 1988 and 9523017.
497
Calculate the greatest common factor of 19722 and 323510.
346
Calculate the greatest common divisor of 42084 and 1877328.
36
Calculate the highest common divisor of 480 and 56908128.
96
What is the greatest common divisor of 15536499 and 1353?
1353
Calculate the highest common factor of 18904 and 56808883.
2363
Calculate the greatest common divisor of 30 and 754095.
15
What is the greatest common factor of 265683289 and 19?
19
What is the highest common divisor of 207 and 475620059?
23
What is the highest common divisor of 1104 and 18739572?
276
What is the greatest common factor of 164354817 and 2115?
141
Calculate the highest common divisor of 10351 and 42064.
11
Calculate the highest common factor of 39 and 426404082.
39
What is the highest common divisor of 726836 and 8569?
11
What is the highest common factor of 1316844 and 15219?
801
What is the greatest common divisor of 7020 and 4737330?
1170
Calculate the greatest common divisor of 1294 and 8758439.
647
What is the greatest common factor of 3210 and 404121345?
1605
Calculate the highest common factor of 498 and 169764714.
498
Calculate the greatest common factor of 2129092 and 7.
7
Calculate the highest common factor of 10545730 and 3.
1
Calculate the greatest common divisor of 2908 and 47594509.
727
Calculate the greatest common divisor of 39470584 and 636.
212
Calculate the greatest common divisor of 3102440 and 131890.
1210
Calculate the greatest common divisor of 960385 and 5579.
797
Calculate the highest common divisor of 248 and 6096.
8
Calculate the highest common divisor of 34 and 9193209.
17
What is the highest common factor of 10 and 289258?
2
What is the greatest common divisor of 2262 and 25645386?
78
Calculate the highest common divisor of 6848271 and 5494.
2747
Calculate the highest common factor of 17143456 and 418.
22
Calculate the highest common factor of 243 and 9892503.
27
Calculate the highest common factor of 351890 and 8863470.
770
What is the highest common divisor of 5486 and 186134?
26
Calculate the highest common divisor of 256000 and 175936.
64
Calculate the greatest common divisor of 68684683 and 1.
1
Calculate the highest common factor of 182284455 and 1887.
51
What is the highest common factor of 22763059 and 12430?
1243
What is the greatest common factor of 629 and 1136688?
17
Calculate the greatest common factor of 300770 and 927638.
3166
What is the greatest common divisor of 2282495692 and 613?
613
Calculate the highest common divisor of 626412668 and 1666.
1666
Calculate the highest common divisor of 475932 and 60.
12
Calculate the highest common divisor of 2465 and 884631805.
2465
What is the highest common factor of 12872761 and 297?
11
What is the highest common divisor of 10425201 and 112329?
5349
Calculate the highest common divisor of 7643491 and 244948.
5567
Calculate the highest common factor of 15989 and 785408.
59
Calculate the highest common divisor of 2319 and 17221667.
773
Calculate the highest common factor of 105936873 and 2254.
1127
Calculate the greatest common divisor of 44 and 76388928.
44
Calculate the highest common divisor of 243 and 275841.
9
What is the highest common divisor of 818 and 583384512?
818
What is the greatest common factor of 7638 and 9086940?
114
Calculate the greatest common divisor of 7700 and 171875.
275
What is the greatest common divisor of 4 and 22521436?
4
What is the greatest common divisor of 3388 and 13469357?
121
What is the highest common factor of 361 and 7899801?
19
Calculate the highest common divisor of 9816461 and 7256.
907
Calculate the greatest common factor of 2108333 and 129.
43
What is the highest common factor of 145 and 2855785?
5
Calculate the highest common factor of 5994 and 10320336.
666
What is the greatest common divisor of 105938163 and 63216?
3951
What is the greatest common factor of 5305 and 9587196?
1061
Calculate the greatest common divisor of 9054 and 2380.
2
What is the highest common divisor of 420 and 114215580?
60
Calculate the highest common divisor of 1366 and 23844213.
683
What is the highest common divisor of 104818 and 210077?
7
What is the highest common factor of 11660 and 13468360?
1060
What is the highest common factor of 831360 and 864?
96
Calculate the highest common divisor of 5287625 and 12250.
875
What is the greatest common divisor of 652 and 65398?
2
Calculate the highest common divisor of 17117425 and 155.
155
What is the greatest common divisor of 48667762 and 182?
26
Calculate the greatest common factor of 3410 and 280750570.
310
Calculate the highest common factor of 206414 and 4420.
442
What is the highest common factor of 162852 and 679944?
492
Calculate the greatest common divisor of 192 and 1473632.
32
What is the highest common factor of 86462 and 680?
34
What is the highest common divisor of 21500 and 555216?
172
Calculate the greatest common factor of 117 and 2607300.
9
Calculate the greatest common divisor of 15 and 25501065.
15
Calculate the highest common factor of 17722204 and 62.
62
What is the highest common divisor of 336 and 2225792?
16
What is the greatest common factor of 28519 and 242953?
361
What is the greatest common factor of 468236 and 42016?
404
What is the greatest common divisor of 6 and 620439?
3
Calculate the highest common divisor of 266491686 and 12617.
1147
Calculate the highest common divisor of 26 and 20468383.
13
Calculate the highest common divisor of 2164323800 and 20.
20
What is the greatest common divisor of 237899502 and 6?
6
Calculate the highest common factor of 36628863 and 139.
139
Calculate the highest common divisor of 505338 and 2.
2
Calculate the greatest common divisor of 1684326380 and 681.
227
What is the greatest common factor of 204150 and 6800?
50
What is the greatest common divisor of 5794553 and 104794?
347
What is the highest common factor of 75890 and 7515?
5
Calculate the highest common factor of 4195 and 34075.
5
What is the highest common factor of 210146 and 1603097?
587
What is the greatest common divisor of 486 and 29417580?
486
Calculate the greatest common divisor of 1258246 and 1991.
11
What is the highest common factor of 77583708 and 27?
9
Calculate the greatest common divisor of 632298344 and 317.
317
Calculate the highest common divisor of 3465 and 47561085.
495
Calculate the highest common divisor of 7238471 and 187328.
2927
Calculate the highest common divisor of 39 and 1497939235.
13
What is the greatest common divisor of 4 and 30385808?
4
What is the highest common factor of 1665 and 11213775?
1665
What is the greatest common factor of 15120 and 82642140?
3780
What 